5*s = 805, -2*i + m*s = -0*s - 338. Suppose 85 = 5*f - i. What is the tens digit of f?
5
Let f(b) = 4*b**2 + 18*b - 16. Let p(q) = -2*q**2 - 9*q + 8. Let v(a) = -2*f(a) - 5*p(a). What is the hundreds digit of v(9)?
2
Suppose -3452 = -7*o + 2169. What is the units digit of o?
3
Suppose -f - 9 = 14. Let h = 41 + f. Suppose 5*u = 2*r + 73, 3*u - h = u - 2*r. What is the tens digit of u?
1
Let o be -18 + (-3 - 18/(-3)). Let q = o - -19. What is the units digit of 177/q - 1/4?
4
Let h(p) be the first derivative of -p**4/2 - p**3/3 + p**2 - 2*p + 23. What is the hundreds digit of h(-4)?
1
Suppose -3*w + 4*z + 4522 = 0, 2*z + 0*z - 4498 = -3*w. What is the units digit of w?
2
Let y be ((-55)/22)/(5/(-4)). Suppose d - 21 - y = 0. What is the tens digit of d?
2
Suppose -t = 5*x - 0*x - 35, -3*x + 21 = -4*t. Suppose 0 = -10*m + x*m + 9. Suppose 93 = m*d - 102. What is the units digit of d?
5
Suppose -17*d + 64866 = 2391. What is the units digit of d?
5
Let z = 11938 - 8007. What is the hundreds digit of z?
9
Let t be (-76)/(-6)*-6 - -4. Let u = 134 + t. What is the units digit of u?
2
What is the units digit of 3/12 + (-60781)/(-76)?
0
Suppose p - 2*x - 28 = -p, -5*p + 82 = x. Let o = p + -11. Suppose 0 = -o*c + 15, -2*c - 2*c = -2*d + 20. What is the tens digit of d?
1
Let x(q) = 2*q**3 - 28*q**2 - 13*q + 34. What is the tens digit of x(15)?
8
Let b(u) = -9*u**3 + 2*u**2 - 20*u - 93. What is the units digit of b(-5)?
2
Let c be (590/15)/(8/12). Let a = c + -3. Suppose -4*m = -p - 0*p + a, 5*m = -p + 29. What is the units digit of p?
4
What is the thousands digit of (-26600)/35*(-2)/(8/11)?
2
What is the units digit of (89 + -87)*3898/4?
9
Let h(o) = o**2 - 16*o - 17. Let s be h(17). Suppose -4*b + 66 + 98 = s. What is the tens digit of b?
4
Let x(c) be the second derivative of 1/2*c**2 - 11*c - 29/3*c**3 + 0. What is the units digit of x(-1)?
9
Suppose b + 6*b - 14742 = 0. What is the thousands digit of b?
2
Let r(v) = -160*v - 8. What is the tens digit of r(-2)?
1
Let x be (0*1/(-4))/(-2). Suppose 0 = 4*n + 2*y + 196, x = -n + 6*n + y + 251. Let q = n - -86. What is the units digit of q?
5
Suppose -2099*c - 1264 = -2107*c. What is the tens digit of c?
5
Let o(f) = -f**3 + 8*f**2 - 8*f + 10. Let z be o(7). Suppose h + 2*i - 6 = 0, -2*h - z*i = -5*i. Suppose 41 = h*l - 31. What is the tens digit of l?
3
Let d(s) = -s**3 - 8*s**2 + 10*s - 5. What is the units digit of d(-10)?
5
Let t be ((-24)/(-5))/(4/(-40)). Let v = -69 - t. What is the tens digit of (-1119)/v - (-2)/(-7)?
5
Let a = -73 + 137. Let m = 11 + -7. Suppose a = -m*n + 252. What is the units digit of n?
7
Suppose 0*g + 4 = 4*g. What is the units digit of (1 + (-310)/(-15))/(g/3)?
5
Suppose 35*v = 9645 + 7190. What is the units digit of v?
1
Suppose 0 = -l + 9 - 5. Let z be (14 - -32)*2/l. Let q = 82 - z. What is the tens digit of q?
5
Let v be (-4)/6 - 1/3. Let p(s) = 20*s**2 + 2*s + 2. What is the units digit of p(v)?
0
Suppose -2*h + 6 = 2*x, -x + h + 4 - 3 = 0. Let l be (-2 - -4)*x + -2. Suppose 5*b + 138 = 4*p - 0*b, l*b = -p + 28. What is the units digit of p?
2
Let w be (-3)/3 - (-2 - 1). Suppose -w*t + 16 = -0. What is the units digit of t/5 + (-2)/(-5)?
2
Let t(h) = h**2 + 13*h - 2. Let z be t(-14). Let o = 14 - z. Suppose -72 = -o*q - f, 2*q - 3*q - 5*f + 36 = 0. What is the tens digit of q?
3
Let w = -11 + 14. Suppose 0*t = -w*t + 9. Suppose 48 = c + t*c. What is the units digit of c?
2
Suppose 0 = 12*u - 53 - 7. Let v(d) = -6*d + d + 0*d**3 + 7*d**2 - d**3 - 5. What is the units digit of v(u)?
0
Let c be (2 - 1)/(9/2313). Suppose 5*f + 80 = 4*w + c, -w = -3*f + 109. Suppose -4*j + 35 + f = 0. What is the units digit of j?
8
Let f(c) = -c**3 - 12*c**2 - 2*c + 10. Let w(h) = -3*h**3 - 36*h**2 - 7*h + 31. Let p(l) = 11*f(l) - 4*w(l). What is the units digit of p(-11)?
1
Let s = -15 - -8. What is the units digit of s/((-13)/(-14) + -1)?
8
Let w(j) = -4*j - 8. Let n be w(-2). Suppose n = -t + 95 + 91. What is the hundreds digit of t?
1
Let d(v) = v + 40. Let r = 77 - 88. What is the tens digit of d(r)?
2
Suppose 6305 = 4*n + 3*z, -673 + 2253 = n + 2*z. What is the hundreds digit of n?
5
Let s = -71 + 40. Let w = s + 38. What is the units digit of w?
7
Let x = 131 + -132. What is the units digit of (3/6)/(-1*x/118)?
9
Suppose 2*n + 1 + 1 = 2*d, 2*d - n - 2 = 0. Let x = -3 + d. What is the units digit of (5/(-20))/(x/8)?
1
Suppose 14*t - 10*t = 0. Suppose -3*u = -2*b - 146, t = -2*u + 6*u + b - 213. What is the units digit of u?
2
Let r = -45 + 48. Suppose 0 = r*b + 97 - 382. What is the tens digit of b?
9
Suppose 0 = -164*r + 160*r + 176. Suppose 39*x = r*x - 600. What is the hundreds digit of x?
1
Let r = -69 - -144. Suppose -13*w = -14*w + r. What is the tens digit of w?
7
Suppose -10 = -5*a - 5*v - 250, -4*v - 102 = 2*a. What is the tens digit of (14 - a) + 1*-4?
5
Let v be (-2)/4 + 290/20. Suppose -2 = -q - t, -q + 0*q = -3*t - v. Let k = 34 + q. What is the tens digit of k?
3
Let b be (-2)/8 + (-939)/(-12). Suppose 62 = 4*z + m - 49, -2*z + b = -4*m. What is the tens digit of z?
2
Let h be (-15)/(-2 - -7) + 5. Suppose -3*u + 490 = h*u. What is the tens digit of u?
9
Let p(j) = j**3 - j**2 - 5*j + 1. Let b be p(3). Suppose -4*y + 3*o - 6*o + 432 = 0, -b*y + 2*o + 452 = 0. What is the hundreds digit of y?
1
Let x = -537 + 759. Let s = x - 78. What is the hundreds digit of s?
1
Suppose -2 = -2*z - p - 0, -3*p + 6 = z. Suppose -4*n - 13*n + 2720 = z. What is the units digit of n?
0
Let t(n) = 313*n + 190. What is the tens digit of t(6)?
6
Let p(k) = k**3 - 8*k**2 + k - 4. Let l be p(8). Suppose -104 = -l*x - 4*b, 2*x + 2*x = 2*b + 92. What is the tens digit of x?
2
Suppose q - 3*j - 9 = 0, 5 - 1 = 4*j. Suppose 80 = 4*v - q. What is the units digit of v?
3
Suppose -4*x + 12*x = 4360. What is the units digit of x?
5
What is the hundreds digit of (-357060)/(-114) + 9 - (-10)/(-95)?
1
Suppose -3*z + 2*d + 1679 = 0, 9*z - d - 2803 = 4*z. What is the tens digit of z?
6
Suppose -3*n + 883 = 4*x, -19*n + 20 = -15*n. What is the units digit of x?
7
Let o = -107 + 2428. What is the units digit of o?
1
Suppose 4*p - 3*b + 12 = 0, -4*p - 1 = -5*b + 19. Suppose 0 = -4*u - 3*u - 168. Let k = p - u. What is the units digit of k?
4
Let y(q) = -929*q + 77. What is the hundreds digit of y(-1)?
0
Let j = -186 - -467. What is the hundreds digit of j?
2
Let l = -32 + 5. What is the units digit of (18/l)/((-1)/183 + 0)?
2
Suppose -4*p + 3*z + 64 = -2*z, 2*p - 34 = 3*z. Let m = 12 - p. What is the units digit of m?
1
Suppose -3*u + y - 378 = -7*u, -y = 3*u - 284. Suppose 3*j - u = -1. Suppose 0 = 5*x - 3*g - 76 + 1, -2*x = -g - j. What is the tens digit of x?
1
Suppose -65 = -7*v - 9. Suppose 0 = w - 3*z + 2*z - 102, -5*w - 3*z + 494 = 0. Suppose v*s = 6*s + w. What is the units digit of s?
0
Let f(c) be the third derivative of -7/12*c**4 + 0 - 6*c**2 + 1/120*c**6 - 1/3*c**3 + 0*c + 11/60*c**5. What is the tens digit of f(-12)?
2
Suppose 4*y + 358 = a, a + 2*y - 279 - 49 = 0. What is the hundreds digit of a?
3
Let w be (9/6)/(((-26)/84)/13). What is the tens digit of (-6)/(-21) - 1242/w?
2
Suppose -3*v - 451 + 496 = 0. What is the units digit of v?
5
Let t = 15 - 2. Suppose 2*h - 60 = -h. Let a = h - t. What is the units digit of a?
7
Suppose 3*v + 3 = -3*a, 5*v + 0 = 2*a - 19. Let k be (0 + 36)*(99/6)/11. Suppose -y - a*p + 116 = y, k = y - 3*p. What is the tens digit of y?
5
Let r = 4609 - 1978. What is the units digit of r?
1
Suppose 0 = 3*y + m + 29, y = -2*y - 3*m - 33. Let v = 44 + y. Suppose 0 = -4*i + 41 + v. What is the units digit of i?
9
Let h = -11 - -11. Suppose 2*n - 95 - 47 = h. What is the tens digit of n?
7
Suppose 2*f + 194 = 64. What is the tens digit of 1 + -5 - -1 - (1 + f)?
6
Let w = 44 + 297. What is the units digit of w?
1
Suppose 17 - 13 = 2*z. What is the tens digit of (534/4 + 2)*(z - 0)?
7
Let i(f) = -16*f**3 - 5*f**2 - 7*f - 9. What is the units digit of i(-3)?
9
Suppose -4*k + 20 = 4*p, p = -4*k + 2*p + 20. Suppose 0 = -2*z + 2, 10*s + k*z = 5*s + 800. What is the tens digit of s?
5
Let k be (22/6 - 2)*-3. Let n(v) = 3*v**2 - 10*v - 8. What is the hundreds digit of n(k)?
1
Let l(j) = -88*j**3 + 4*j**2 + 9*j + 4. What is the units digit of l(-2)?
6
Suppose 535 = 5*u - 0*u. Su